base 9, what is 37 + -300623?
-300575
In base 8, what is 1464132 + 136?
1464270
In base 14, what is -dad5a + -11?
-dad6b
In base 16, what is -df - 94f?
-a2e
In base 5, what is -4 - -204121412011?
204121412002
In base 16, what is 5e31beb - 2?
5e31be9
In base 11, what is 326269 - -a?
326278
In base 11, what is -2a607 + -37?
-2a643
In base 7, what is 11565423 - -251?
11566004
In base 3, what is -10102201121200 - 100?
-10102201122000
In base 12, what is 2 + -227a49b?
-227a499
In base 3, what is -121120 - 1100000022?
-1100121212
In base 14, what is 17 + c722c0?
c722d7
In base 3, what is -201010120 - -10120001?
-120120112
In base 11, what is -260559 + -2158?
-262706
In base 11, what is 1140a + -114?
112a6
In base 6, what is -4 + -5120500502?
-5120500510
In base 10, what is 170 - 134995?
-134825
In base 16, what is -1f + -59f150?
-59f16f
In base 16, what is 4 - -17391f?
173923
In base 4, what is -20313033030 - 1201?
-20313100231
In base 6, what is 3225055 - -4021?
3233120
In base 2, what is 1001100011110110000010 + 1111001?
1001100011110111111011
In base 15, what is 2b2 + -c2a6?
-bee4
In base 6, what is -3240 + -25502?
-33142
In base 4, what is 312133002 - -131?
312133133
In base 6, what is -134 - -531105311?
531105133
In base 13, what is 3 + 5cb7078?
5cb707b
In base 7, what is -60560314 - -5?
-60560306
In base 15, what is -b78d7 - -44?
-b7893
In base 12, what is -35a + -6020b?
-60569
In base 3, what is 21202122222110021 - 10?
21202122222110011
In base 16, what is 1e9478e + -2?
1e9478c
In base 10, what is -14037786 - 3?
-14037789
In base 11, what is 1115123 - 12?
1115111
In base 10, what is -10419 - 6906?
-17325
In base 14, what is -c - -60bd2c?
60bd20
In base 12, what is 112 + b7?
209
In base 13, what is 7052 + 1072?
80c4
In base 8, what is 32221732 + -65?
32221645
In base 3, what is 11122000021 + 122110100?
12021110121
In base 7, what is 1346341654 + -5?
1346341646
In base 12, what is -301087 - 28?
-3010b3
In base 6, what is 14 + -32013453?
-32013435
In base 3, what is 111211102200121 + 20?
111211102200211
In base 7, what is 1340045 + -1303?
1335442
In base 9, what is -4 - -24821833?
24821828
In base 2, what is 110010100011 - -111111001110101011?
1000000000001001110
In base 12, what is 8315 - 190?
8145
In base 12, what is -3928 - -2801?
-1127
In base 12, what is -3a11a98 - 1?
-3a11a99
In base 8, what is -546722 + 517?
-546203
In base 4, what is 1002302 - -123021?
1131323
In base 10, what is -809 - 10127?
-10936
In base 9, what is 2301403 + 0?
2301403
In base 7, what is 311401250 + 12?
311401262
In base 2, what is -1100110 - -100001101100001?
100001011111011
In base 14, what is -48da2b - -1c?
-48da0d
In base 2, what is 11001 + -1001011011110001100001100?
-1001011011110001011110011
In base 7, what is 24236 + -4305?
16631
In base 8, what is -1265 + -3363436?
-3364723
In base 4, what is -23322233133302 + 1?
-23322233133301
In base 2, what is 10001101101110010111110000100 - -101?
10001101101110010111110001001
In base 8, what is -2255072453 + 0?
-2255072453
In base 7, what is -5 + 31101422?
31101414
In base 9, what is 174352 + 1116?
175468
In base 7, what is 6163301151 - -2?
6163301153
In base 15, what is -325 - -14d84?
14a5e
In base 5, what is 404 + -1313201234?
-1313200330
In base 3, what is 2122220022101202 - -10?
2122220022101212
In base 11, what is -1 + 226830a?
2268309
In base 4, what is -2 - -121321020000?
121321013332
In base 10, what is 1 - 2738629?
-2738628
In base 9, what is 13 - -2171637?
2171651
In base 8, what is -500 + 1004410?
1003710
In base 11, what is -147465 - -46?
-14741a
In base 12, what is -478a517b - 4?
-478a5183
In base 3, what is -2011102010012111 + 1?
-2011102010012110
In base 16, what is -2909d + 93?
-2900a
In base 4, what is -21231323021 + 21?
-21231323000
In base 2, what is -1000 - -101111011110100010011000?
101111011110100010010000
In base 14, what is 1482a - a1a?
13c10
In base 2, what is -10010001101101111101001 - -1111?
-10010001101101111011010
In base 16, what is -605 - -5de4e?
5d849
In base 16, what is -1612 - ded1?
-f4e3
In base 14, what is -493b4 + 20?
-49394
In base 11, what is 661 + 640242?
6408a3
In base 10, what is -119 - 254729?
-254848
In base 3, what is -2112211 + -1202121210?
-1212011121
In base 16, what is -2 - 208cfc?
-208cfe
In base 3, what is -2021 - 12012110221?
-12012120012
In base 14, what is 121 + -6b19?
-69d8
In base 9, what is 105313 - 63?
105240
In base 11, what is -465265a - 3?
-4652662
In base 4, what is -1 + -31013313310321?
-31013313310322
In base 7, what is 21335523 + 2553?
21341406
In base 14, what is b5 - 4bcc9?
-4bc14
In base 2, what is -1110100111100011011 + 11100?
-1110100111011111111
In base 14, what is -2db - -19604?
19307
In base 3, what is -2201 + -210021100?
-210101001
In base 8, what is -43 - 32553164?
-32553227
In base 8, what is 141 - -314106?
314247
In base 9, what is 2640160 + -45?
2640114
In base 14, what is 555 + 4213?
4768
In base 4, what is -2331331203 + 21120?
-2331310023
In base 6, what is 132220543111 - 0?
132220543111
In base 11, what is 14 + -688030?
-688017
In base 15, what is 2 - -2a7ecc?
2a7ece
In base 6, what is -40134125 + 20?
-40134105
In base 6, what is 15 + 10420523?
10420542
In base 6, what is -44023325 + -231?
-44024000
In base 3, what is 1212001110202 + 2?
1212001110211
In base 5, what is -1204123 + -231244?
-1440422
In base 13, what is -b2 - 1097b7?
-109899
In base 12, what is 2289b3 + 15?
228a08
In base 16, what is 424 + -6157?
-5d33
In base 10, what is -3246273 - -6?
-3246267
In base 16, what is 6a664 - 292?
6a3d2
In base 12, what is 12 - -8b04b?
8b061
In base 6, what is 143033 - -325?
143402
In base 16, what is 5 + 33961?
33966
In base 16, what is -2ca - -31214?
30f4a
In base 3, what is -1 - 2222002102002?
-2222002102010
In base 6, what is -554 + -25021434?
-25022432
In base 11, what is 4 - -14628644?
14628648
In base 8, what is 467 + 10256637?
10257326
In base 13, what is -865892 + a?
-865885
In base 2, what is 111101101110001100000001001 - 1110?
111101101110001011111111011
In base 8, what is -23 + 124406?
124363
In base 13, what is 326170c + 0?
326170c
In base 15, what is -b8264aa + -5?
-b8264b0
In base 7, what is -40620605 + -6?
-40620614
In base 8, what is -57 - -4064352?
4064273
In base 7, what is 15256340 - -311?
15256651
In base 2, what is -10111100110111111010010110 + -101?
-10111100110111111010011011
In base 13, what is 29aa5b + -18?
29aa43
In base 4, what is 1310330 - 2013121?
-102131
In base 15, what is -2 - -12ec37a?
12ec378
In base 11, what is 1583720 + -1?
158371a
In base 11, what is -383a9242 - 2?
-383a9244
In base 6, what is -542 + 504240135?
504235153
In base 9, what is 13241282 + -10?
13241272
In base 8, what is -457 + 3240574?
3240115
In base 10, what is -1247 + -11673?
-12920
In base 8, what is -1221 - -64655?
63434
In base 12, what is -587 - 4791?
-5158
In base 10, what is 1530 + -6619?
-5089
In base 8, what is 0 + -1437754?
-1437754
In base 2, what is 1100 - -10110010100010010010?
10110010100010011110
In base 4, what is 20200 + -13321?
213
In base 8, what is -162 - 277037?
-277221
In base 3, what is 1100020212 - -211001?
1101001220
In base 15, what is 106 + 2b8b49?
2b8c50
In base 2, what is -1110110000100110 - 1010110000?
-1110111011010110
In base 6, what is -11143103152 + 5?
-11143103143
In base 8, what is 3 - 13323144?
-13323141
In base 14, what is 11 + 1ac66?
1ac77
In base 10, what is 116 + -37763?
-37647
In base 4, what is 10 - -132211011213?
132211011223
In base 13, what is -27 + -9802?
-9829
In base 6, what is 35045 + 2040?
41125
In base 8, what is 10400 + -15200?
-4600
In base 9, what is -18 + 73112?
73083
In base 11, what is 98975 - 12?
98963
In base 11, what is 178 - -1009725?
10098a2
In base 4, what is 101031 - 2322332?
-2221301
In base 3, what is -1012011202022 - 102?
-1012011202201
In base 7, what is -16050164 - 13?
-16050210
In base 9, what is 28 + 155134?
155163
In base 12, what is 5 + 244388?
244391
In base 6, what is 210202252 + -221?
210202031
In base 9, what is 24 + -43038?
-43014
In base 10, what is -13867463 - -22?
-13867441
In base 7, what is 144660566 - 3?
144660563
In base 3, what is 102102111 - 1000102?
101102002
In base 9, what is -78 - -230342?
230253
In base 15, what is db9c5d + 1?
db9c5e
In base 2, wha